igit of 459886712?
7
What is the hundred millions digit of 177822455?
1
What is the hundred thousands digit of 245642727?
6
What is the tens digit of 823503100?
0
What is the hundred thousands digit of 3882191201?
1
What is the thousands digit of 3080613392?
3
What is the tens digit of 62648359?
5
What is the ten millions digit of 79764279?
7
What is the units digit of 1602690530?
0
What is the thousands digit of 4918465?
8
What is the units digit of 598629804?
4
What is the units digit of 434267865?
5
What is the ten thousands digit of 4172489535?
8
What is the thousands digit of 1605329597?
9
What is the hundreds digit of 231319125?
1
What is the tens digit of 995358574?
7
What is the millions digit of 31243154?
1
What is the units digit of 4800563673?
3
What is the hundred thousands digit of 65068658?
0
What is the ten millions digit of 2179545251?
7
What is the thousands digit of 201678?
1
What is the thousands digit of 2695721552?
1
What is the thousands digit of 26080095?
0
What is the ten millions digit of 254308820?
5
What is the hundred thousands digit of 1908089728?
0
What is the ten thousands digit of 375903380?
0
What is the millions digit of 94112445?
4
What is the thousands digit of 335351498?
1
What is the units digit of 254556328?
8
What is the hundred thousands digit of 636711096?
7
What is the hundred thousands digit of 73622340?
6
What is the ten millions digit of 23530714?
2
What is the hundred thousands digit of 75201254?
2
What is the millions digit of 117112600?
7
What is the millions digit of 77326213?
7
What is the units digit of 1107393633?
3
What is the ten millions digit of 240610949?
4
What is the tens digit of 53756851?
5
What is the tens digit of 632193629?
2
What is the ten millions digit of 1976550786?
7
What is the hundred millions digit of 707674633?
7
What is the hundred thousands digit of 652105246?
1
What is the ten millions digit of 149734526?
4
What is the hundreds digit of 158366772?
7
What is the millions digit of 1588646094?
8
What is the thousands digit of 703447279?
7
What is the ten thousands digit of 52059171?
5
What is the units digit of 70493688?
8
What is the tens digit of 82303268?
6
What is the hundred thousands digit of 2377487254?
4
What is the millions digit of 753857844?
3
What is the hundred millions digit of 3227956919?
2
What is the units digit of 15902628?
8
What is the ten thousands digit of 2545821866?
2
What is the units digit of 118577517?
7
What is the hundred thousands digit of 1248786438?
7
What is the hundred thousands digit of 43095694?
0
What is the ten millions digit of 50648193?
5
What is the ten thousands digit of 588802905?
0
What is the units digit of 488637715?
5
What is the thousands digit of 54711456?
1
What is the tens digit of 105567460?
6
What is the hundreds digit of 1259145278?
2
What is the units digit of 2077182?
2
What is the hundred thousands digit of 1900961495?
9
What is the hundred thousands digit of 56987557?
9
What is the ten thousands digit of 203831246?
3
What is the hundred millions digit of 208234113?
2
What is the ten thousands digit of 302023706?
2
What is the billions digit of 6333264095?
6
What is the hundred thousands digit of 30387920?
3
What is the billions digit of 3090035963?
3
What is the units digit of 83266357?
7
What is the ten millions digit of 226728198?
2
What is the units digit of 1062620368?
8
What is the hundreds digit of 1679596889?
8
What is the hundred thousands digit of 497012998?
0
What is the thousands digit of 288705192?
5
What is the hundred millions digit of 531672087?
5
What is the hundred millions digit of 674002617?
6
What is the thousands digit of 52845923?
5
What is the ten millions digit of 37461931?
3
What is the thousands digit of 12306702?
6
What is the ten thousands digit of 132803705?
0
What is the thousands digit of 232021256?
1
What is the thousands digit of 188505417?
5
What is the hundreds digit of 768362273?
2
What is the units digit of 249636269?
9
What is the ten thousands digit of 60103163?
0
What is the hundreds digit of 1418606136?
1
What is the thousands digit of 797407944?
7
What is the ten millions digit of 194392580?
9
What is the hundred thousands digit of 266136494?
1
What is the millions digit of 876328522?
6
What is the ten millions digit of 34581701?
3
What is the ten millions digit of 306741344?
0
What is the units digit of 7623298?
8
What is the tens digit of 42536384?
8
What is the ten thousands digit of 35441436?
4
What is the units digit of 108660151?
1
What is the ten millions digit of 86922572?
8
What is the hundred millions digit of 106300347?
1
What is the millions digit of 2357353557?
7
What is the hundred thousands digit of 2979335936?
3
What is the ten thousands digit of 168119788?
1
What is the hundreds digit of 212794406?
4
What is the thousands digit of 56160158?
0
What is the hundred thousands digit of 335026824?
0
What is the units digit of 43501991?
1
What is the hundred thousands digit of 44787591?
7
What is the tens digit of 2309727413?
1
What is the hundred thousands digit of 73083719?
0
What is the millions digit of 598606674?
8
What is the millions digit of 600446901?
0
What is the hundred thousands digit of 5923489?
9
What is the units digit of 1437500985?
5
What is the hundreds digit of 38701715?
7
What is the ten thousands digit of 66440274?
4
What is the hundreds digit of 1197207531?
5
What is the thousands digit of 1389905065?
5
What is the tens digit of 617466564?
6
What is the ten millions digit of 2415555417?
1
What is the billions digit of 1476926188?
1
What is the hundreds digit of 677361974?
9
What is the millions digit of 46892818?
6
What is the units digit of 919794119?
9
What is the hundreds digit of 111189982?
9
What is the hundreds digit of 46771600?
6
What is the hundreds digit of 975533598?
5
What is the millions digit of 65780006?
5
What is the tens digit of 318249539?
3
What is the billions digit of 2912639177?
2
What is the units digit of 1701467629?
9
What is the hundreds digit of 32029221?
2
What is the ten thousands digit of 2187669?
8
What is the ten thousands digit of 49646569?
4
What is the thousands digit of 92827908?
7
What is the hundred thousands digit of 22707553?
7
What is the hundred thousands digit of 501296219?
2
What is the tens digit of 1103351723?
2
What is the tens digit of 53669367?
6
What is the tens digit of 6795624?
2
What is the hundreds digit of 459914819?
8
What is the hundred thousands digit of 187107984?
1
What is the thousands digit of 78294303?
4
What is the hundreds digit of 85848635?
6
What is the hundred thousands digit of 2688387658?
3
What is the ten millions digit of 132016577?
3
What is the thousands digit of 144389737?
9
What is the ten millions digit of 1541355748?
4
What is the units digit of 790159833?
3
What is the units digit of 1567323606?
6
What is the tens digit of 78486246?
4
What is the hundred thousands digit of 95444726?
4
What is the hundred thousands digit of 183446418?
4
What is the units digit of 82001933?
3
What is the thousands digit of 3090368101?
8
What is the millions digit of 192108167?
2
What is the thousands digit of 135147925?
7
What is the thousands digit of 23753457?
3
What is the ten millions digit of 168331848?
6
What is the tens digit of 273313715?
1
What is the hundred thousands digit of 46671727?
6
What is the hundreds digit of 104348214?
2
What is the units digit of 869379205?
5
What is the ten thousands digit of 916307032?
0
What is the ten thousands digit of 1667091922?
9
What is the thousands digit of 808077710?
7
What is the hundred millions digit of 113584592?
1
What is the thousands digit of 66651346?
1
What is the tens digit of 178720839?
3
What is the units digit of 39268114?
4
What is the hundred thousands digit of 78229726?
2
What is the millions digit of 1865363?
1
What is the millions digit of 209795032?
9
What is the thousands digit of 64326685?
6
What is the units digit of 456850931?
1
What is the tens digit of 88177108?
0
What is the ten thousands digit of 389543?
8
What is the thousands digit of 45682578?
2
What is the ten millions digit of 136553346?
3
What is the hundreds digit of 49690212?
2
What is the millions digit of 41537071?
1
What is the tens digit 